at is -4673 + -1003?
-5676
In base 2, what is 10111 + 10101111001110010010111?
10101111001110010101110
In base 12, what is 60 - -10750b0?
1075150
In base 9, what is -3 + -328723365?
-328723368
In base 5, what is -102 + 442220112?
442220010
In base 4, what is -331 + -111301222?
-111302213
In base 2, what is -1001001010100001 - -1010?
-1001001010010111
In base 4, what is -110303020122 + 10?
-110303020112
In base 7, what is -33160650 + 11?
-33160636
In base 6, what is 120102 + -2252?
113410
In base 5, what is -12341003 - -103224?
-12232224
In base 14, what is 26d - d567?
-d2d8
In base 16, what is 0 + dc38f?
dc38f
In base 9, what is 26 - 22472106?
-22472070
In base 15, what is 4 + 45ba87b?
45ba880
In base 15, what is -d79c5 - -234?
-d7791
In base 11, what is 6a6 + 336341?
336a37
In base 6, what is -2123001 - 203?
-2123204
In base 15, what is -3eb + 2723?
2327
In base 10, what is 5 + -40984115?
-40984110
In base 14, what is 3814 + a38?
444c
In base 16, what is -fe35 + 14?
-fe21
In base 13, what is cb0 + -3380a?
-3282a
In base 10, what is 2023 + 174?
2197
In base 8, what is -224 - 13207?
-13433
In base 12, what is 49 + 624749?
624796
In base 4, what is -1121321 + -132033?
-1320020
In base 12, what is -19524318 + 5?
-19524313
In base 15, what is -116295ba + 4?
-116295b6
In base 4, what is -221313 + 1311113?
1023200
In base 13, what is -8 + -76c3b?
-76c46
In base 9, what is 2 + -167747458?
-167747456
In base 2, what is -10101010 - -10010111101100011?
10010111010111001
In base 2, what is 1000110 + -100110101110100110001111?
-100110101110100101001001
In base 5, what is 4042 - -320421?
330013
In base 16, what is 7a0e8c8 - -1?
7a0e8c9
In base 10, what is -346 - 6307?
-6653
In base 16, what is -98ebf + -8?
-98ec7
In base 11, what is -6a2a0343 - 5?
-6a2a0348
In base 3, what is -102102020121 + -112202?
-102102210100
In base 15, what is -2 - -6566dd?
6566db
In base 11, what is -168a748 + 272?
-168a486
In base 2, what is -1101111000010100000000 - 100?
-1101111000010100000100
In base 16, what is 7a + -6a2b?
-69b1
In base 8, what is -11130062 + 165?
-11127675
In base 2, what is 11011101110000101110111 + -1110?
11011101110000101101001
In base 12, what is -42 + -2406a55?
-2406a97
In base 14, what is -879c - 4d45?
-d703
In base 15, what is -24 + 74eeb1?
74ee8c
In base 4, what is -2100 - -31113211?
31111111
In base 10, what is 5 + -78748759?
-78748754
In base 10, what is -5 - -92580178?
92580173
In base 11, what is 1419500 + 3?
1419503
In base 9, what is 14023152 + -3?
14023148
In base 6, what is 15 + 52340342?
52340401
In base 15, what is 13ba - aa?
1310
In base 5, what is -1143224204 + -413?
-1143230122
In base 9, what is -3 - 53361324?
-53361327
In base 4, what is 2333220122 - -31021?
2333311203
In base 3, what is -112101122011212 + -212?
-112101122012201
In base 2, what is -1001010011000001 + -1110010000?
-1001100001010001
In base 9, what is -31 - -115622?
115581
In base 11, what is 2a7 + -366497?
-3661a0
In base 8, what is 50161 + -7371?
40570
In base 12, what is 2b3258 + -20?
2b3238
In base 2, what is 10000101 - -1001100011100011001?
1001100011110011110
In base 11, what is 25583246 - 2?
25583244
In base 12, what is 1410 - 188?
1244
In base 16, what is 628 + -8ab?
-283
In base 7, what is 24523 - 1361?
23132
In base 12, what is -12ab42 + 373?
-12a78b
In base 6, what is -53510043 - 3?
-53510050
In base 2, what is 10001110000111110010 - -10001?
10001110001000000011
In base 12, what is -3 - 272200b?
-2722012
In base 11, what is 1 + -361986?
-361985
In base 11, what is 3780a + 11a5?
38a04
In base 6, what is 1344040410 - 0?
1344040410
In base 13, what is -459 - 684c?
-6ca8
In base 16, what is -7b27 + -e2?
-7c09
In base 13, what is 4 - -207a77?
207a7b
In base 6, what is -1351 - 1332551?
-1334342
In base 14, what is -d0500 - 80a?
-d0d0a
In base 4, what is 121 + 2210033?
2210220
In base 8, what is -1 - -13133504?
13133503
In base 10, what is -15 - -44473122?
44473107
In base 11, what is 363289 - -181?
36345a
In base 15, what is 32219 - -4?
3221d
In base 10, what is 62 + -16223418?
-16223356
In base 10, what is 1819307878 - -4?
1819307882
In base 11, what is -350 + 8a251?
89a01
In base 5, what is -312 - -12341?
12024
In base 2, what is -101100101 + 110101110?
1001001
In base 7, what is 0 - -1050642311?
1050642311
In base 11, what is -1 + -3677666?
-3677667
In base 9, what is 1764 + -25861?
-24086
In base 13, what is 37a09010 + -4?
37a09009
In base 2, what is -110011011010 + 11011011010?
-11000000000
In base 13, what is 5 + 2080bbc?
2080bc4
In base 8, what is 31317714 + 2?
31317716
In base 16, what is fdff3f + 13?
fdff52
In base 15, what is -6ac1 + -4ce?
-70a0
In base 10, what is 84190376 + 4?
84190380
In base 13, what is -65685 + -7?
-6568c
In base 11, what is 27 + 12001a?
120046
In base 7, what is -4115 - -2640?
-1145
In base 9, what is -1050632 - -186?
-1050435
In base 8, what is -141 + 14471?
14330
In base 2, what is -1001111100001 + -100011010?
-1010011111011
In base 10, what is 35920 - -122?
36042
In base 12, what is 5985 - 183ba?
-12635
In base 6, what is -52051504 + -105?
-52052013
In base 16, what is -2 + 1ab0a4?
1ab0a2
In base 14, what is -22 - -694d7b?
694d59
In base 2, what is -1001000111 + -111011011000?
-1000100011111
In base 16, what is a1367 - -3fb?
a1762
In base 15, what is -25bc969 - 1?
-25bc96a
In base 10, what is -2927 + -380606?
-383533
In base 2, what is 110111010101010111111 - -101?
110111010101011000100
In base 5, what is 4114111023301 - 4?
4114111023242
In base 4, what is 23113003113 + 33?
23113003212
In base 14, what is -136 - 3449?
-3581
In base 16, what is f8e - 200?
d8e
In base 16, what is -7017 - -25f?
-6db8
In base 11, what is 5927249 + -5?
5927244
In base 12, what is 2 - -5554579b?
555457a1
In base 3, what is -10120100 - -1100012100?
1012122000
In base 3, what is 20 + 20021211002121?
20021211002211
In base 7, what is -1 - -2426044502?
2426044501
In base 8, what is -1657011 - -145?
-1656644
In base 13, what is 5 + 5b3142?
5b3147
In base 4, what is 212 - 10010101122?
-10010100310
In base 15, what is 5d1dbe + -17a?
5d1c44
In base 8, what is 6635534 - 13?
6635521
In base 13, what is -3 + -42683bb?
-42683c1
In base 8, what is -2621001 - 2263?
-2623264
In base 15, what is 693a + -314?
6626
In base 15, what is 7 - 4ed3e?
-4ed37
In base 16, what is 5 + -34c310e?
-34c3109
In base 7, what is 534151 + -1341?
532510
In base 6, what is -210 - -245324?
245114
In base 13, what is 13 - -69511?
69524
In base 9, what is 12 - 2548027?
-2548015
In base 10, what is -114 - 1601768?
-1601882
In base 13, what is -7198 + -5c8?
-7793
In base 4, what is -1 - 2212011133113?
-2212011133120
In base 10, what is 2 - 801331?
-801329
In base 10, what is -12033249 + 1?
-12033248
In base 12, what is 140a81 - 313?
14076a
In base 2, what is 10011010101101001110010 - -1010?
10011010101101001111100
In base 6, what is 104 - 1224202?
-1224054
In base 14, what is 22 + -84d0c?
-84cca
In base 4, what is -13331223211 - -11?
-13331223200
In base 16, what is -a4b2cc + 5?
-a4b2c7
In base 2, what is 100010101001110001 - 1001001101?
100010100000100100
In base 6, what is -444404 + 142?
-444222
In base 13, what is 0 - 5a611c0?
-5a611c0
In base 4, what is -3331230131 - -211?
-3331223320
In base 4, what is -10032 - 13032332010?
-13033002102
In base 11, what is 3 - -5516aa08?
5516aa10
In base 14, what is -4 - -1646774?
1646770
In base 14, what is -13886b0 - 7?
-13886b7
In base 13, what is 5c596 + -238?
5c35b
In base 7, what is 0 + -25603155?
-25603155
In base 5, what is -1241103 + 214001?
-1022102
In base 14, what is 1c5 - -b2c?
d13
In base 12, what is 30828383 + -5?
3082837a
In base 12, what is 0 - 717b074?
-717b074
In base 12, what is -37a7b + 304?
-37777
In base 9, what is -75437 - 7243?
-83681
In base 13, what is 13b8 + -156?
1262
In base 2, what is 111001001 + -11110110010101000101?
-11110110001101111100
In base 13, what is -26 + -159310?
-159336
In base 11, what is -5 - -787018?
787013
In base 2, what is 10 - -100001110101101111111?
100001110101110000001
In base 13, what is 57005c - 2?
57005a
In base 12, what is -2816a3 + 42?
-281661
In base 12, what is b46 + -705?
441
In base 13, what is -7 + -1053028?
-1053032
In base 13, what is c45b - -7131?
1658c
In base 12, what is -4732982a - 3